 + 12*x**2 + 16*x + 14. What is d(13)?
53
Let o(r) = -r**3 - 9*r**2 + 7*r - 4. Give o(-9).
-67
Let m(i) = -2*i**3 + 10*i**2 + 10*i + 4. What is m(6)?
-8
Let v(g) = g**2 - 5*g + 48. Calculate v(0).
48
Let u(h) = -h**3 - 27*h**2 - 133*h + 134. Give u(-20).
-6
Let b(j) = j**3 + 12*j**2 - 2*j - 2. What is b(-13)?
-145
Let k(n) = n**3 + 3*n**2 + 4*n + 2. Determine k(-2).
-2
Let u(x) = -2*x**2 + x. Give u(2).
-6
Let f(i) = -2*i**3 - 2*i - 3. Determine f(-2).
17
Let m(g) = -g**2 + 29*g - 82. Calculate m(3).
-4
Let i(k) = 4*k - 10. Determine i(5).
10
Let b(p) = p**3 + 7*p**2 + 9*p + 13. Determine b(-6).
-5
Let g(p) = 4*p - 30. What is g(7)?
-2
Let j(g) = g**2 + 12*g + 2. Determine j(-11).
-9
Let p(m) = -m**3 + 6*m**2 - 8*m - 1. Calculate p(6).
-49
Let o(w) = w**2 + 6*w - 6. What is o(3)?
21
Let n(a) = a**3 - 9*a**2 - 3*a - 216. Calculate n(11).
-7
Let x(b) = b + 17. Give x(-13).
4
Let k(i) = -2*i**3 + 6*i**2 + 11*i + 8. Determine k(6).
-142
Let i(d) = -16*d + 7. Calculate i(-3).
55
Let q(n) = 2*n + 18. Determine q(-11).
-4
Let b(t) = 4*t**2 + 10*t + 2. Calculate b(-3).
8
Let d(m) = m**3 - 12*m**2 - 25*m - 40. Give d(14).
2
Let k(m) = 88*m**3 - 3*m**2 - 7*m - 5. What is k(-1)?
-89
Let d(k) = 2*k**2 + 6*k - 3. Give d(2).
17
Let x(s) = -8*s**3 + s**2 + 4*s + 2. What is x(-1)?
7
Let v(o) = 3*o**3 - 4*o**2 + 3*o + 1. Calculate v(1).
3
Let a(u) = -u**2 + 6*u + 3. Give a(7).
-4
Let n(v) = -2*v + 62. Determine n(28).
6
Let y(z) = -42*z + 5. What is y(-2)?
89
Let t(z) = -2*z**2 + 3*z + 15. Determine t(-7).
-104
Let w(g) = -25*g**2 - 1. What is w(1)?
-26
Let b(l) = 8*l + 47. Calculate b(11).
135
Let d(g) = -24*g + 358. Determine d(15).
-2
Let d(z) = -125*z**3 + 2*z - 2. What is d(1)?
-125
Let x(l) = -l**2 + 13*l + 7. Calculate x(15).
-23
Let x(r) = 3*r**2 + 6*r - 5. Calculate x(-3).
4
Let g(c) = -2*c - 20. Determine g(0).
-20
Let w(z) = -z**2 + 22*z - 67. Give w(18).
5
Let x(u) = 68*u - 960. Determine x(14).
-8
Let u(i) = 3*i + 5. Determine u(3).
14
Let v(t) = t**3 - 20*t**2 + 47*t + 76. Give v(17).
8
Let c(r) = 3*r**2 + 14*r + 13. What is c(-3)?
-2
Let q(m) = -m - 4. Calculate q(-2).
-2
Let d(j) = 3*j**2 + 2*j - 7. Give d(-3).
14
Let b(y) = 2*y**3 + 18*y**2 + 8. Determine b(-9).
8
Let g(y) = y**3 + 2*y**2 - 4*y - 5. Determine g(-3).
-2
Let v(m) = -m**2 - 6*m - 9. Give v(-7).
-16
Let b(v) = v**2 + 4*v + 1. Give b(3).
22
Let g(d) = d**2 + 32*d - 217. Determine g(6).
11
Let h(t) = t**3 + 4*t**2 + t - 1. What is h(-3)?
5
Let a(m) = m**2 + 2*m - 31. Calculate a(-7).
4
Let t(l) = 2*l - 8. What is t(8)?
8
Let d(i) = -4*i - 2. Give d(-3).
10
Let o(b) = 2*b**3 - b**2 - 2*b - 1. Calculate o(2).
7
Let q(m) = 3*m - 11. Give q(7).
10
Let z(h) = -3*h**3 - 5*h**2 + 3*h - 1. What is z(-3)?
26
Let n(i) = i**2 + 10*i + 12. What is n(-8)?
-4
Let n(o) = -o**3 + 4*o**2 - 2*o - 5. Determine n(5).
-40
Let w(i) = -i**2 + 13*i - 11. What is w(9)?
25
Let d(h) = h**3 + 12*h**2 + 4*h + 10. Determine d(-12).
-38
Let a(s) = -33*s + 79. Calculate a(2).
13
Let f(r) = -r - 5. Give f(9).
-14
Let n(g) = g**3 - 4*g**2 - 3*g + 8. Give n(6).
62
Let h(j) = 4*j + 99. Calculate h(-22).
11
Let t(r) = r**2 - r - 212. Give t(-14).
-2
Let q(h) = -h**2 + 14*h - 30. Calculate q(7).
19
Let n(b) = -3*b - 3. What is n(1)?
-6
Let k(v) = v - 4. Determine k(-6).
-10
Let p(w) = -w**2 - 6*w + 6. What is p(-6)?
6
Let u(k) = 6*k**2 - 3*k - 1. Calculate u(-1).
8
Let n(d) = 13*d + 395. Determine n(-32).
-21
Let h(v) = 13*v + 109. Give h(-8).
5
Let z(i) = 4*i + 2. Give z(8).
34
Let t(d) = -d**3 - 6*d**2 + 4*d - 12. Calculate t(-5).
-57
Let m(b) = -3*b - 21. What is m(-8)?
3
Let l(f) = -71*f + 7. Determine l(0).
7
Let r(b) = -b - 7. Calculate r(5).
-12
Let u(p) = p**3 + 17*p**2 + 29*p - 2. Determine u(-15).
13
Let x(u) = u**2 + 10*u + 16. What is x(-9)?
7
Let o(w) = w**2 - 17*w - 25. Give o(18).
-7
Let b(d) = -d**3 + 6*d**2 + d - 6. Calculate b(6).
0
Let k(w) = w**3 + 6*w**2 + 6*w + 11. Give k(-5).
6
Let y(p) = p + 19. What is y(-15)?
4
Let c(i) = i**2 + 7*i + 5. Calculate c(-4).
-7
Let b(d) = d**2 - 4*d - 11. Give b(10).
49
Let w(u) = u - 27. Give w(0).
-27
Let n(g) = -2*g**2 + 10*g + 4. Determine n(5).
4
Let o(f) = -2*f + 24. Give o(16).
-8
Let o(b) = 5*b - 8. Give o(10).
42
Let o(r) = r**2 - 3*r - 7. Calculate o(3).
-7
Let x(k) = -6*k**2 + 2*k + 2. Determine x(2).
-18
Let u(n) = -2*n + 35. Give u(15).
5
Let v(r) = r**2 + r - 13. What is v(0)?
-13
Let v(w) = w + 16. What is v(-12)?
4
Let u(i) = 10*i**2 - 4*i + 12. Calculate u(4).
156
Let k(c) = 51*c - 23. Determine k(2).
79
Let u(p) = 26*p - 14. Determine u(2).
38
Let w(g) = 12*g + 11. Calculate w(3).
47
Let c(v) = -2*v**2 + v + 13. Give c(0).
13
Let x(g) = g**2 + 13*g + 19. Determine x(-16).
67
Let k(y) = y**2 + 12*y + 23. Determine k(-9).
-4
Let c(l) = l**2 + 14*l + 4. Determine c(-10).
-36
Let s(n) = 5*n**2 + 24*n - 4. What is s(-5)?
1
Let b(t) = t**2 - 11*t - 30. What is b(12)?
-18
Let o(b) = 11*b + 66. Calculate o(-5).
11
Let a(g) = 2*g**2 - 26*g + 14. What is a(13)?
14
Let i(f) = -12*f - 6. Calculate i(-10).
114
Let j(x) = -x**2 - 3*x + 20. Determine j(-7).
-8
Let v(m) = m**3 + 12*m**2 - m - 15. Calculate v(-12).
-3
Let y(l) = -l**3 - l + 11. Determine y(0).
11
Let y(j) = j - 52. Calculate y(51).
-1
Let m(j) = j**3 + 9*j**2 - 20*j + 24. What is m(-11)?
2
Let k(b) = -b + 20. Give k(6).
14
Let b(h) = -h**3 - 5*h**2 + 8*h + 8. Give b(-6).
-4
Let s(k) = -k**2 + 71*k - 504. Calculate s(63).
0
Let i(t) = 5*t - 35. Determine i(7).
0
Let b(u) = -u - 48. What is b(-20)?
-28
Let o(n) = -6*n + 33. What is o(5)?
3
Let l(o) = o**3 - 3*o**2 - 6*o - 1. Determine l(5).
19
Let q(g) = -5*g - 21. Calculate q(-4).
-1
Let p(f) = -f**3 - 4*f**2 + 2*f - 3. What is p(-4)?
-11
Let h(o) = -o**3 + 2*o**2 - 2*o - 2. What is h(-4)?
102
Let a(u) = u**3 - 7*u**2 - 8*u + 7. Calculate a(8).
7
Let w(n) = -n**3 - 16*n**2 - 30*n - 47. Determine w(-14).
-19
Let t(s) = -s**2 + 6*s - 7. Calculate t(3).
2
Let h(l) = 7*l - 32. Determine h(5).
3
Let s(l) = -14*l - 21. What is s(0)?
-21
Let y(k) = 3*k**3 - 5*k**2 - k - 4. What is y(4)?
104
Let f(a) = -11*a**3 - 4*a**2 - a + 2. Determine f(-2).
76
Let p(f) = f**3 + 40*f**2 - 37*f + 182. Calculate p(-41).
18
Let o(m) = 7*m. Calculate o(2).
14
Let t(w) = w**3 + 10*w**2 - 26*w - 25. Determine t(-12).
-1
Let i(k) = 3*k + 28. Give i(-4).
16
Let c(k) = 2*k**2 - 59*k + 23. Determine c(29).
-6
Let v(z) = z**3 + 4*z**2 + 6*z - 4. Calculate v(-3).
-13
Let x(n) = n**3 - 3*n**2 - n + 5. What is x(3)?
2
Let p(r) = 2*r**2 - 20*r + 16. What is p(9)?
-2
Let z(n) = n - 4. Determine z(-12).
-16
Let n(y) = 14*y - 34. Determine n(3).
8
Let o(x) = 13*x - 388. What is o(30)?
2
Let d(m) = -7*m**2 - 6*m + 11. What is d(3)?
-70
Let w(q) = q + 19. What is w(10)?
29
Let m(l) = 14*l + 13. Calculate m(-6).
-71
Let p(d) = d**2 + 3*d - 23. What is p(-8)?
17
Let w(q) = q + 16. Calculate w(-9).
7
Let a(o) = -o**3 - 17. Give a(0).
-17
Let x(u) = -u**2 + 7*u + 50. Give x(-5).
-10
Let s(y) = 72*y**3. Determine s(1).
72
Let o(g) = -11*g**3 - 2*g**2 + 2*g. What is o(-2)?
76
Let u(w) = 2*w**2 + 13*w. Calculate u(-7).
7
Let r(o) = -o**3 + 10*o**2 - 7*o - 3. Give r(9).
15
Let k(h) = -h**3 - h**2 + 5*h. Determine k(-3).
3
Let m(l) = -l**2 + 6*l + 5. Give m(8).
-11
Let v(k) = -k**3 + 4*k**2 + 5*k - 10. Calculate v(5).
-10
Let h(b) = b**3 - 52*b**2 + 102*b - 95. Calculate h(50).
5
Let t(x) = -x**2 - x + 7. What is t(5)?
-23
Let y(t) = -t**2 - 5*t + 6. What is y(-5)?
6
Let i(u) = 4*u - 97. Calculate i(26).
7
Let s(d) = d**3 + 17*d**2 + 60*d + 15. Calculate s(-12).
15
Let v(n) = n**3 - 3*n + 3. Determine v(1).
1
Let t(s) = -s**3 - 43*s**2 - 190*s - 1. Give t(-38).
-1
Let h(o) = -o**3 - 10*o**2 - 20*o - 2. Determine h(-7).
-9
Let r(v) = -v**2 - 11*v + 12. Determine r(-11).
12
Let n(w) = -w**3 + 4*w**2 - 3*w - 5. Determine n(3).
-5
Let i(h) = -h - 2. Calculate i(1).
-3
Let v(o) = -o**3 - 10*o**2 - 17*o + 27. Calculate v(-7).
-1
Let y(s) = -s**3 - 5*s**2 - 7*s - 4. What is y(-4)?
8
Let z(h) = h**3 + 6*h**2 + 2*h + 7. Determine z(-4).
31
Let t(s) = -s + 2. Determine t(2).
0
Let f(k) = k**2 - 11*k + 9. Give f(4).
-19
Let o(g) = 3*g + 10. Give o(-5).
-5
Let n(o) = -21*o**3 + o**2 + 1. What is n(1)?
-19
Let m(d) = -d**3 + 24*d**2 + 28*d - 37. Give m(25).
38
Let f(n) = 3*n**2 - 7*n + 1. Determine f(3).
